{"id":1585,"date":"2021-04-27T15:22:36","date_gmt":"2021-04-27T08:22:36","guid":{"rendered":"https:\/\/toyotahungthinhthaibinh.com\/?post_type=product&#038;p=1585"},"modified":"2024-05-29T16:06:17","modified_gmt":"2024-05-29T09:06:17","slug":"hilux","status":"publish","type":"product","link":"https:\/\/toyotahtpthaibinh.com\/?product=hilux","title":{"rendered":"Hilux"},"content":{"rendered":"<h1 class=\"title-detail\">Toyota Hilux 2024: th\u00f4ng s\u1ed1, gi\u00e1 l\u0103n b\u00e1nh, \u01b0u \u0111\u00e3i (05\/2024)<\/h1>\n<div class=\"head-detail\">\n<p class=\"date-time\">T\u00e1c gi\u1ea3:\u00a0Thanh Cars<\/p>\n<\/div>\n<p><strong>Toyota Hilux 2024<\/strong>: h\u00ecnh \u1ea3nh, video chi ti\u1ebft, th\u00f4ng s\u1ed1 k\u1ef9 thu\u1eadt k\u00e8m \u0111\u00e1nh gi\u00e1 xe Pickup c\u1ee7a Toyota. C\u1eadp nh\u1eadt gi\u00e1 xe Toyota Hilux 2024 l\u0103n b\u00e1nh v\u00e0 \u01b0u \u0111\u00e3i th\u00e1ng 05\/2024.<\/p>\n<h2>Toyota Hilux 2024 gi\u00e1 bao nhi\u00eau? Khuy\u1ebfn m\u00e3i, gi\u00e1 l\u0103n b\u00e1nh th\u00e1ng 05\/2024 th\u1ebf n\u00e0o?<\/h2>\n<p>Toyota Hilux s\u1ebd \u0111\u01b0\u1ee3c tr\u1edf l\u1ea1i th\u1ecb tr\u01b0\u1eddng Vi\u1ec7t v\u00e0o th\u00e1ng 03-2023 v\u1edbi m\u1ed9t phi\u00ean b\u1ea3n duy nh\u1ea5t. \u0110i\u1ec3m \u0111\u00e1ng ch\u00fa \u00fd l\u00e0 h\u1ec7 th\u1ed1ng \u0111\u1ed9ng c\u01a1 m\u1edbi \u0111\u00e1p \u1ee9ng ti\u00eau chu\u1ea9n kh\u00ed th\u1ea3i Euro 5 \u0111\u1ec3 \u0111\u01b0\u1ee3c ph\u00e9p b\u00e1n t\u1ea1i th\u1ecb tr\u01b0\u1eddng Vi\u1ec7t.<\/p>\n<p><img loading=\"lazy\" decoding=\"async\" class=\"\" src=\"https:\/\/giaxeoto.vn\/admin\/upload\/images\/resize\/640-Toyota-Hilux-ngoai-that.jpg\" alt=\"Toyota-Hilux-ngoai-that\" width=\"640\" height=\"400\" data-src=\"\/admin\/upload\/images\/resize\/640-Toyota-Hilux-ngoai-that.jpg\" \/><\/p>\n<p>Hi\u1ec7n t\u1ea1i, Toyota Vi\u1ec7t nam ni\u00eam y\u1ebft gi\u00e1 c\u00e1c m\u1eabu xe Toyota Hilux 2024 nh\u01b0 sau:<\/p>\n<table border=\"1\" summary=\"giaxeoto.vn toyota hilux\" cellspacing=\"1\" cellpadding=\"0\" align=\"center\">\n<tbody>\n<tr>\n<td colspan=\"4\">B\u1ea2NG GI\u00c1 XE TOYOTA HILUX TH\u00c1NG 05\/2024 (tri\u1ec7u VN\u0110)<\/td>\n<\/tr>\n<tr>\n<td rowspan=\"2\"><strong>Phi\u00ean b\u1ea3n<\/strong><\/td>\n<td rowspan=\"2\"><strong>Gi\u00e1 ni\u00eam y\u1ebft<\/strong><\/td>\n<td colspan=\"2\"><strong>Gi\u00e1 l\u0103n b\u00e1nh<\/strong><\/td>\n<\/tr>\n<tr>\n<td>H\u00e0 N\u1ed9i<\/td>\n<td>TP HCM v\u00e0 c\u00e1c t\u1ec9nh<\/td>\n<\/tr>\n<tr>\n<td>Hilux 2.4L 4&#215;2 AT<\/td>\n<td>852<\/td>\n<td>918<\/td>\n<td>908<\/td>\n<\/tr>\n<\/tbody>\n<\/table>\n<p><u><strong>Khuy\u1ebfn m\u00e3i<\/strong><\/u>: r\u1ea5t h\u1ea5p d\u1eabn (vui l\u00f2ng li\u00ean h\u1ec7 tr\u1ef1c ti\u1ebfp)<\/p>\n<p><u><strong>M\u00e0u xe:<\/strong><\/u>\u00a0B\u1ea1c, \u0110en, \u0110\u1ecf, Tr\u1eafng ng\u1ecdc trai, X\u00e1m v\u00e0 Xanh. Ri\u00eang m\u00e0u tr\u1eafng ng\u1ecdc trai, kh\u00e1ch h\u00e0ng c\u1ea7n chi th\u00eam 8 tri\u1ec7u VN\u0110.<\/p>\n<p><u><strong>\u0110\u1eb7t h\u00e0ng<\/strong><\/u>: c\u00f3 xe giao ngay.<\/p>\n<p><u><strong>Ghi ch\u00fa<\/strong><\/u>: gi\u00e1 l\u0103n b\u00e1nh xe b\u00e1n t\u1ea3i Toyota Hilux 2024 tr\u00ean \u0111\u00e2y \u0111\u00e3 bao g\u1ed3m l\u1ec7 ph\u00ed tr\u01b0\u1edbc b\u1ea1 (6-7,2% cho xe nh\u1eadp kh\u1ea9u CBU), ph\u00ed bi\u1ec3n, ph\u00ed \u0111\u0103ng ki\u1ec3m, \u0111\u01b0\u1eddng b\u1ed9 v\u00e0 c\u00e1c chi ph\u00ed d\u1ecbch v\u1ee5 kh\u00e1c. \u0110\u1ec3 c\u00f3 th\u00f4ng tin chi ti\u1ebft c\u0169ng nh\u01b0 t\u01b0 v\u1ea5n v\u1ec1 th\u1ee7 t\u1ee5c tr\u1ea3 g\u00f3p, xin vui l\u00f2ng li\u00ean h\u1ec7 v\u1edbi c\u00e1c \u0111\u1ea1i l\u00fd Toyota Vi\u1ec7t Nam theo hotline sau:<\/p>\n<h2>Gi\u1edbi thi\u1ec7u Toyota Hilux<\/h2>\n<p>Toyota Hilux l\u00e0 d\u00f2ng xe b\u00e1n t\u1ea3i kh\u00e1 n\u1ed5i ti\u1ebfng c\u1ee7a h\u00e3ng xe Toyota, Nh\u1eadt B\u1ea3n. Ra \u0111\u1eddi l\u1ea7n \u0111\u1ea7u n\u0103m 1968, \u0111\u1ebfn nay Toyota Hilux \u0111ang \u1edf th\u1ebf h\u1ec7 th\u1ee9 8 (AN120, AN130, 2015-nay). N\u00f3 c\u00f2n c\u00f3 th\u00eam c\u00e1i t\u00ean Toyota 4runner t\u1ea1i Venezuela, Australia hay B\u1eafc M\u1ef9 v\u00e0 Toyota Hilux Surf t\u1ea1i Nh\u1eadt B\u1ea3n.<\/p>\n<p>Hilux \u0111\u00e3 t\u1eebng r\u1ea5t th\u00e0nh c\u00f4ng t\u1ea1i Vi\u1ec7t nam tr\u01b0\u1edbc n\u0103m 2012 nh\u01b0ng sau \u0111\u00f3 do ch\u1eadm c\u1ea3i ti\u1ebfn, \u00edt ch\u1ee7ng lo\u1ea1i v\u00e0 gi\u00e1 th\u00e0nh cao khi\u1ebfn cho n\u00f3 b\u1ecb c\u00e1c \u0111\u1ed1i th\u1ee7 nh\u01b0 Ford Ranger, Nissan\u00a0Navara, Chevrolet Colorado, Mitsubishi Triton&#8230; v\u01b0\u1ee3t m\u1eb7t.<\/p>\n<p>B\u1ea3n facelift th\u1ebf h\u1ec7 th\u1ee9 8 \u0111\u01b0\u1ee3c ra m\u1eaft th\u1ecb tr\u01b0\u1eddng Vi\u1ec7t v\u00e0o th\u00e1ng 08-2020 nh\u01b0ng b\u1eaft \u0111\u1ea7u ng\u1eebng b\u00e1n v\u00e0o \u0111\u1ea7u n\u0103m 2022. Sau g\u1ea7n 1 n\u0103m v\u1eafng b\u00f3ng, Toyota \u0111\u00e3 \u0111\u01b0a m\u1eabu xe b\u00e1n t\u1ea3i n\u00e0y comeback l\u1ea1i th\u1ecb tr\u01b0\u1eddng Vi\u1ec7t Nam b\u1eaft \u0111\u1ea7u t\u1eeb th\u00e1ng 03-2023.<\/p>\n<h2>Ngo\u1ea1i th\u1ea5t Toyota Hilux 2024<\/h2>\n<p>V\u1ec1 t\u1ed5ng th\u1ec3 ngo\u1ea1i th\u1ea5t, Toyota Hilux 2024 m\u1edbi v\u1eabn c\u00f3 ngo\u1ea1i h\u00ecnh t\u01b0\u01a1ng t\u1ef1 nh\u01b0 b\u1ea3n ti\u1ec1n nhi\u1ec7m.<\/p>\n<p><img loading=\"lazy\" decoding=\"async\" class=\"\" src=\"https:\/\/giaxeoto.vn\/admin\/upload\/images\/resize\/640-Toyota-Hilux-2024-dau-xe.jpg\" alt=\"dau xe hilux 2024\" width=\"640\" height=\"400\" data-src=\"\/admin\/upload\/images\/resize\/640-Toyota-Hilux-2024-dau-xe.jpg\" \/><\/p>\n<p>\u0110\u1ea7u xe Toyota Hilux 2024<\/p>\n<p>L\u01b0\u1edbi t\u1ea3n nhi\u1ec7t d\u1ea1ng nh\u1ef1a t\u1ed1i m\u00e0u v\u1edbi vi\u1ec1n b\u00f3ng xung quanh, thi\u1ebft k\u1ebf ki\u1ec3u l\u01b0\u1edbi to t\u1ea1o n\u00ean di\u1ec7n m\u1ea1o m\u1ea1nh m\u1ebd v\u00e0 th\u1ec3 thao. C\u1ee5m \u0111\u00e8n pha thay \u0111\u1ed5i nh\u1eb9 v\u1ec1 h\u00ecnh d\u00e1ng. \u0110\u00e8n s\u01b0\u01a1ng m\u00f9 h\u00ecnh tr\u00f2n, t\u00edch h\u1ee3p trong khe gi\u00f3 \u1edf hai b\u00ean v\u1edbi t\u1ea1o h\u00ecnh ch\u1eef L.<\/p>\n<p><img loading=\"lazy\" decoding=\"async\" class=\"\" src=\"https:\/\/giaxeoto.vn\/admin\/upload\/images\/resize\/640-Toyota-Hilux-than-va-hong-xe.jpg\" alt=\"Toyota-Hilux-than-va-hong-xe\" width=\"640\" height=\"400\" data-src=\"\/admin\/upload\/images\/resize\/640-Toyota-Hilux-than-va-hong-xe.jpg\" \/><\/p>\n<p>Th\u00e2n xe Toyota Hilux m\u1edbi<\/p>\n<p>La z\u0103ng \u0111\u01b0\u1ee3c trang b\u1ecb m\u00e2m \u0111\u00fac h\u1ee3p kim 6 ch\u1ea5u \u0111\u01a1n th\u1ec3 thao, k\u00edch th\u01b0\u1edbc 17 inch. \u0110\u01b0\u1eddng g\u00e2n d\u1eadp n\u1ed5i ch\u1ea1y d\u1ecdc theo xe t\u1eeb \u0111\u1ea7u xe \u0111\u1ebfn \u0111u\u00f4i xe. H\u1ed1c b\u00e1nh xe l\u1edbn v\u00e0 li\u1ec1n kh\u1ed1i v\u1edbi th\u00e2n xe. Tay n\u1eafm c\u1eeda thi\u1ebft k\u1ebf m\u1edbi, m\u1ea1 chrome s\u00e1ng b\u00f3ng.<\/p>\n<p><img loading=\"lazy\" decoding=\"async\" class=\"\" src=\"https:\/\/giaxeoto.vn\/admin\/upload\/images\/resize\/640-Toyota-Hilux-2024-duoi-xe.jpg\" alt=\"duoi xe hilux 2024\" width=\"640\" height=\"400\" data-src=\"\/admin\/upload\/images\/resize\/640-Toyota-Hilux-2024-duoi-xe.jpg\" \/><\/p>\n<p>\u0110u\u00f4i xe Toyota Hilux 2024<\/p>\n<p>C\u1ee5m \u0111\u00e8n h\u1eadu c\u00f4ng ngh\u1ec7 LED, v\u1edbi \u0111\u1ed3 h\u1ecda h\u00ecnh s\u1ed1 3 \u0111\u1eb7t d\u1ecdc. \u0110\u00e8n phanh tr\u00ean c\u1eeda khoang ch\u1edf h\u00e0ng s\u1eed d\u1ee5ng c\u00f4ng ngh\u1ec7 LED. Tay n\u1eafm c\u1eeda khoang th\u00f9ng xe thi\u1ebft k\u1ebf thu\u1eadn ti\u1ec7n, d\u1ec5 d\u00e0ng \u0111\u00f3ng c\u1eeda.<\/p>\n<h2>N\u1ed9i th\u1ea5t, ti\u1ec7n nghi Toyota Hilux 2024<\/h2>\n<p>B\u01b0\u1edbc v\u00e0o trong cabin, n\u1ed9i th\u1ea5t Toyota Hilux facelift \u0111\u1eddi 2024 kh\u00f4ng c\u00f3 g\u00ec kh\u00e1c bi\u1ec7t so v\u1edbi b\u1ea3n ti\u1ec1n nhi\u1ec7m.<\/p>\n<p><img loading=\"lazy\" decoding=\"async\" class=\"\" src=\"https:\/\/giaxeoto.vn\/admin\/upload\/images\/resize\/640-Toyota-Hilux-noi-that.jpg\" alt=\"Toyota-Hilux-noi-that\" width=\"640\" height=\"400\" data-src=\"\/admin\/upload\/images\/resize\/640-Toyota-Hilux-noi-that.jpg\" \/><\/p>\n<p>Khoang l\u00e1i Toyota Hilux facelift<\/p>\n<p>V\u00f4 l\u0103ng 3 ch\u1ea5u t\u00edch h\u1ee3p nhi\u1ec1u ph\u00edm ch\u1ee9c n\u0103ng. B\u1ea3ng \u0111\u1ed3ng h\u1ed3 k\u1ef9 thu\u1eadt d\u1ea1ng analog k\u1ebft h\u1ee3p m\u00e0n h\u00ecnh TFT 4.2 inch. M\u00e0n h\u00ecnh gi\u1ea3i tr\u00ed k\u00edch th\u01b0\u1edbc 7 inch, k\u1ebft n\u1ed1i Apple Carplay, Android Auto. H\u1ec7 th\u1ed1ng \u00e2m thanh 6 loa, phanh tay truy\u1ec1n th\u1ed1ng, ga t\u1ef1 \u0111\u1ed9ng Cruise Control&#8230;<\/p>\n<p><img loading=\"lazy\" decoding=\"async\" class=\"\" src=\"https:\/\/giaxeoto.vn\/admin\/upload\/images\/resize\/640-Toyota-Hilux-2024-vo-lang.jpg\" alt=\"vo lang hilux 2024\" width=\"640\" height=\"400\" data-src=\"\/admin\/upload\/images\/resize\/640-Toyota-Hilux-2024-vo-lang.jpg\" \/><\/p>\n<p>V\u00f4 l\u0103ng Hilux<\/p>\n<p>Xe \u0111\u01b0\u1ee3c trang b\u1ecb nhi\u1ec1u ng\u0103n \u0111\u1ef1ng v\u1eadt d\u1ee5ng \u1edf c\u1ea3 h\u00e0ng gh\u1ebf tr\u01b0\u1edbc v\u00e0 h\u00e0ng gh\u1ebf sau.<\/p>\n<p><img loading=\"lazy\" decoding=\"async\" class=\"\" src=\"https:\/\/giaxeoto.vn\/admin\/upload\/images\/resize\/640-Toyota-Hilux-man-hinh-giai-tri.jpg\" alt=\"Toyota-Hilux-man-hinh-giai-tri\" width=\"640\" height=\"400\" data-src=\"\/admin\/upload\/images\/resize\/640-Toyota-Hilux-man-hinh-giai-tri.jpg\" \/><\/p>\n<p>M\u00e0n h\u00ecnh gi\u1ea3i tr\u00ed trung t\u00e2m v\u1eabn \u1edf d\u1ea1ng \u0111\u1eb7t ch\u00ecm. C\u00e1c n\u00fat ch\u1ec9nh \u0111i\u1ec1u h\u00f2a d\u1ea1ng n\u00fam xoay r\u1ea5t c\u01a1 b\u1ea3n. Ch\u00eca kh\u00f3a v\u1eabn l\u00e0 d\u1ea1ng th\u01b0\u1eddng d\u00f9 c\u00f3 \u0111i\u1ec1u khi\u1ec3n m\u1edf\/kh\u00f3a t\u1eeb xa.<\/p>\n<p><img loading=\"lazy\" decoding=\"async\" class=\"\" src=\"https:\/\/giaxeoto.vn\/admin\/upload\/images\/resize\/640-Toyota-Hilux-2024-trung-tam-dieu-khien.jpg\" alt=\"Toyota-Hilux-2024-trung-tam-dieu-khien\" width=\"640\" height=\"400\" data-src=\"\/admin\/upload\/images\/resize\/640-Toyota-Hilux-2024-trung-tam-dieu-khien.jpg\" \/><\/p>\n<p>Trung t\u00e2m \u0111i\u1ec1u khi\u1ec3n Toyota Hilux 2024<\/p>\n<p>H\u00e0ng gh\u1ebf sau c\u00f3 th\u1ec3 g\u1eadp 60\/40 gi\u00fap t\u0103ng kh\u00f4ng gian r\u1ed9ng r\u00e3i cho h\u00e0ng gh\u1ebf sau v\u00e0 ph\u00eda d\u01b0\u1edbi ch\u00e2n gh\u1ebf.<\/p>\n<h2>\u0110\u1ed9ng c\u01a1 Toyota Hilux<\/h2>\n<p>Toyota Hilux facelift \u0111\u01b0\u1ee3c trang b\u1ecb \u0111\u1ed9ng c\u01a1 diesel 2.4 l\u00edt s\u1ea3n sinh c\u00f4ng su\u1ea5t t\u1ed1i \u0111a 148 m\u00e3 l\u1ef1c v\u00e0 m\u00f4 men xo\u1eafn c\u1ef1c \u0111\u1ea1i 400 Nm. K\u1ebft h\u1ee3p v\u1edbi h\u1ed9p s\u1ed1 t\u1ef1 \u0111\u1ed9ng 6 c\u1ea5p, d\u1eabn \u0111\u1ed9ng c\u1ea7u sau.<\/p>\n<p>Hilux facelift s\u1edf h\u1eefu h\u1ec7 trang b\u1ecb an to\u00e0n \u1edf m\u1ee9c c\u01a1 b\u1ea3n, kh\u00f4ng c\u00f3 g\u00f3i an to\u00e0n\u00a0Toyota Safety Sense (TSS):<\/p>\n<p>&#8211; H\u1ec7 th\u1ed1ng phanh ch\u1ed1ng b\u00f3 c\u1ee9ng ABS<\/p>\n<p>&#8211; Ph\u00e2n b\u1ed5 l\u1ef1c phanh \u0111i\u1ec7n t\u1eed EBD<\/p>\n<p>&#8211; H\u1ed7 tr\u1ee3 phanh kh\u1ea9n c\u1ea5p BA<\/p>\n<p>&#8211; C\u00e2n b\u1eb1ng \u0111i\u1ec7n t\u1eed VSC<\/p>\n<p>&#8211; H\u1ec7 th\u1ed1ng ki\u1ec3m so\u00e1t l\u1ef1c k\u00e9o TRC<\/p>\n<p>&#8211; H\u1ed7 tr\u1ee3 kh\u1edfi h\u00e0nh ngang d\u1ed1c HAC<\/p>\n<p>&#8211; C\u1ea3m bi\u1ebfn h\u1ed7 tr\u1ee3 \u0111\u1ed7 xe tr\u01b0\u1edbc\/ sau<\/p>\n<p>&#8211; 7 t\u00fai kh\u00ed.<\/p>\n<h2>\u0110\u00e1nh gi\u00e1 s\u01a1 b\u1ed9 xe Toyota Hilux 2024<\/h2>\n<p><a href=\"https:\/\/giaxeoto.vn\/toyota\/hilux\">Toyota Hilux<\/a>\u00a0t\u1eebng l\u00e0 m\u1eabu xe b\u00e1n ch\u1ea1y, ch\u1ec9 \u0111\u1ee9ng sau Ford Ranger nh\u01b0ng t\u1eeb \u0111\u1ea7u n\u0103m 2022, m\u1eabu xe n\u00e0y t\u1ea1m ng\u1eebng nh\u1eadp kh\u1ea9u v\u1ec1 Vi\u1ec7t Nam do \u0111\u1ed9ng c\u01a1 kh\u00f4ng \u0111\u00e1p \u1ee9ng \u0111\u1ee7 ti\u00eau chu\u1ea9n kh\u00ed th\u1ea3i Euro 5. Tuy nhi\u00ean, v\u1edbi l\u1ea7n &#8220;comeback&#8221; l\u1ea7n n\u00e0y c\u1ee7a Hilux kh\u00f4ng c\u00f3 qu\u00e1 nhi\u1ec1u \u0111i\u1ec3m \u0111\u00e1ng ch\u00fa \u00fd v\u00e0 \u1ea5n t\u01b0\u1ee3ng v\u1edbi kh\u00e1ch h\u00e0ng. Trong khi c\u00e1c \u0111\u1ed1i th\u1ee7 c\u1ea1nh tranh nh\u01b0 Ford Ranger, Nissan Navara&#8230; c\u00f3 nh\u1eefng thay \u0111\u1ed5i v\u01b0\u1ee3t b\u1eadc v\u1ec1 ngo\u1ea1i h\u00ecnh, n\u1ed9i th\u1ea5t \u0111\u1ebfn trang b\u1ecb \u0111\u1ed9ng c\u01a1 th\u00ec Toyota Hilux v\u1eabn &#8220;r\u1eadm ch\u00e2n&#8221;.<\/p>\n<p>M\u1eb7t kh\u00e1c, v\u1edbi m\u1ee9c gi\u00e1 852 tri\u1ec7u VN\u0110 ti\u1ec7m c\u1eadn v\u1edbi phi\u00ean b\u1ea3n cao c\u1ee7a c\u00e1c \u0111\u1ed1i th\u1ee7 c\u1ea1nh tranh trong khi Hilux s\u1edf h\u1eefu nhi\u1ec1u trang b\u1ecb k\u00e9m h\u1ea5p d\u1eabn h\u01a1n. Gi\u00e1 tr\u00ean t\u0103ng g\u1ea7n 180 tri\u1ec7u so v\u1edbi b\u1ea3n ti\u1ec1n nhi\u1ec7m n\u00ean r\u1ea5t c\u00f3 th\u1ec3\u00a0<strong>Toyota Hilux 2024<\/strong>\u00a0m\u1edbi s\u1ebd g\u1eb7p kh\u00f3 kh\u0103n khi c\u1ea1nh tranh v\u1edbi c\u00e1c \u0111\u1ed1i th\u1ee7 c\u00f9ng ph\u00e2n kh\u00fac. C\u00e1c \u0111\u1ed1i th\u1ee7 Ford Ranger (659-965 tri\u1ec7u VND), Nissan Navara (699-970 tri\u1ec7u VN\u0110), Mitsubishi Triton (650-905 tri\u1ec7u VN\u0110), Isuzu D-Max(650-880 tri\u1ec7u VN\u0110), c\u00f3 d\u1ea3i s\u1ea3n ph\u1ea9m nhi\u1ec1u h\u01a1n, c\u00f3 nhi\u1ec1u l\u1ef1a ch\u1ecdn cho kh\u00e1ch h\u00e0ng.<\/p>\n","protected":false},"excerpt":{"rendered":"<p style=\"background: white; margin: 0cm 0cm 6.0pt 0cm;\"><span style=\"font-size: 100%;\"><strong><span style=\"font-family: Arial, sans-serif; color: #454545;\">Hilux 2.8L 4X4 AT Adventure<br style=\"box-sizing: border-box;\" \/><\/span><span style=\"font-family: Arial, sans-serif; color: red;\"><span style=\"box-sizing: border-box;\">999,000,000 VN\u0110<\/span><\/span><\/strong><\/span><\/p>\n<p style=\"background: white; box-sizing: border-box; font-variant-ligatures: normal; font-variant-caps: normal; orphans: 2; text-align: start; widows: 2; -webkit-text-stroke-width: 0px; text-decoration-thickness: initial; text-decoration-style: initial; text-decoration-color: initial; word-spacing: 0px; margin: 0cm 0cm 6.0pt 0cm;\"><span style=\"font-size: 100%;\"><strong><span style=\"font-family: Arial, sans-serif; color: #454545;\">Hilux 2.4L 4X2 AT<br style=\"box-sizing: border-box;\" \/><\/span><span style=\"font-family: Arial, sans-serif; color: red;\"><span style=\"box-sizing: border-box;\">706,000,000 VN\u0110<\/span><\/span><\/strong><\/span><\/p>\n<p style=\"margin: 0cm; background: white; box-sizing: border-box; font-variant-ligatures: normal; font-variant-caps: normal; orphans: 2; text-align: start; widows: 2; -webkit-text-stroke-width: 0px; text-decoration-thickness: initial; text-decoration-style: initial; text-decoration-color: initial; word-spacing: 0px;\"><span style=\"font-size: 100%;\"><strong><span style=\"font-family: Arial, sans-serif; color: #454545;\">Hilux 2.4L 4\u00d74 MT<\/span><\/strong><\/span><\/p>\n<p style=\"margin: 0cm; background: white; box-sizing: border-box; font-variant-ligatures: normal; font-variant-caps: normal; orphans: 2; text-align: start; widows: 2; -webkit-text-stroke-width: 0px; text-decoration-thickness: initial; text-decoration-style: initial; text-decoration-color: initial; word-spacing: 0px;\"><span style=\"font-size: 100%;\"><strong><span style=\"box-sizing: border-box;\"><span style=\"font-family: Arial, sans-serif; color: red;\">668,000,000 VN\u0110<\/span><\/span><\/strong><\/span><\/p>\n","protected":false},"featured_media":1586,"comment_status":"closed","ping_status":"closed","template":"","meta":[],"product_brand":[],"product_cat":[160],"product_tag":[169],"class_list":{"0":"post-1585","1":"product","2":"type-product","3":"status-publish","4":"has-post-thumbnail","6":"product_cat-xe-nhap-khau","7":"product_tag-hilux","9":"first","10":"instock","11":"shipping-taxable","12":"product-type-simple"},"_links":{"self":[{"href":"https:\/\/toyotahtpthaibinh.com\/index.php?rest_route=\/wp\/v2\/product\/1585","targetHints":{"allow":["GET"]}}],"collection":[{"href":"https:\/\/toyotahtpthaibinh.com\/index.php?rest_route=\/wp\/v2\/product"}],"about":[{"href":"https:\/\/toyotahtpthaibinh.com\/index.php?rest_route=\/wp\/v2\/types\/product"}],"replies":[{"embeddable":true,"href":"https:\/\/toyotahtpthaibinh.com\/index.php?rest_route=%2Fwp%2Fv2%2Fcomments&post=1585"}],"wp:featuredmedia":[{"embeddable":true,"href":"https:\/\/toyotahtpthaibinh.com\/index.php?rest_route=\/wp\/v2\/media\/1586"}],"wp:attachment":[{"href":"https:\/\/toyotahtpthaibinh.com\/index.php?rest_route=%2Fwp%2Fv2%2Fmedia&parent=1585"}],"wp:term":[{"taxonomy":"product_brand","embeddable":true,"href":"https:\/\/toyotahtpthaibinh.com\/index.php?rest_route=%2Fwp%2Fv2%2Fproduct_brand&post=1585"},{"taxonomy":"product_cat","embeddable":true,"href":"https:\/\/toyotahtpthaibinh.com\/index.php?rest_route=%2Fwp%2Fv2%2Fproduct_cat&post=1585"},{"taxonomy":"product_tag","embeddable":true,"href":"https:\/\/toyotahtpthaibinh.com\/index.php?rest_route=%2Fwp%2Fv2%2Fproduct_tag&post=1585"}],"curies":[{"name":"wp","href":"https:\/\/api.w.org\/{rel}","templated":true}]}}