{"id":1543,"date":"2021-04-27T14:45:47","date_gmt":"2021-04-27T07:45:47","guid":{"rendered":"https:\/\/toyotahungthinhthaibinh.com\/?post_type=product&#038;p=1543"},"modified":"2024-01-05T08:50:16","modified_gmt":"2024-01-05T01:50:16","slug":"innova","status":"publish","type":"product","link":"https:\/\/toyotahtpthaibinh.com\/?product=innova","title":{"rendered":"Toyota Innova Cross"},"content":{"rendered":"<h1 class=\"title-detail\">Toyota Innova Cross 2024 ch\u00ednh th\u1ee9c ra m\u1eaft Vi\u1ec7t Nam, gi\u00e1 kh\u1edfi \u0111i\u1ec3m th\u1ea5p h\u01a1n Hyundai Custin<\/h1>\n<p class=\"date-time\">18:45 &#8211; 12\/10\/2023<\/p>\n<div class=\"description\">Toyota Innova Cross 2024 t\u1ea1i Vi\u1ec7t Nam c\u00f3 2 phi\u00ean b\u1ea3n l\u00e0 m\u00e1y x\u0103ng v\u00e0 hybrid v\u1edbi gi\u00e1 kh\u1edfi \u0111i\u1ec3m 810 tri\u1ec7u \u0111\u1ed3ng.<\/div>\n<div class=\"content-detail group-image-lightbox\">\n<p>Chi\u1ec1u nay, ng\u00e0y 12\/10\/2023, h\u00e3ng Toyota Vi\u1ec7t Nam\u0111\u00e3 ch\u00ednh th\u1ee9c gi\u1edbi thi\u1ec7u m\u1eabu MPV h\u1ea1ng trung Innova Cross ho\u00e0n to\u00e0n m\u1edbi. \u0110\u00e2y ch\u00ednh l\u00e0 th\u1ebf h\u1ec7 m\u1edbi c\u1ee7a d\u00f2ng xe Toyota Innova quen thu\u1ed9c t\u1ea1i Vi\u1ec7t Nam.<\/p>\n<div class=\"width-100 inline\">\n<div id=\"ads-detail-below-sapo-320x180\" class=\"box-ads-anymind\"><\/div>\n<\/div>\n<div class=\"dvg_photo_box\">\n<figure><span id=\"imageGalleryId-0\" class=\"lozadload-content imageGalleryId\" data-src=\"https:\/\/img.tinxe.vn\/2023\/10\/12\/0MQViQLm\/toyota-innova-cross-2024-1-60d3.jpg\" data-desc=\"Toyota Innova Cross 2024 ch\u00ednh th\u1ee9c ra m\u1eaft Vi\u1ec7t Nam, gi\u00e1 kh\u1edfi \u0111i\u1ec3m th\u1ea5p h\u01a1n Hyundai Custin\"><img loading=\"lazy\" decoding=\"async\" class=\"lozad\" title=\"Toyota Innova Cross 2024 ch\u00ednh th\u1ee9c ra m\u1eaft Vi\u1ec7t Nam, gi\u00e1 kh\u1edfi \u0111i\u1ec3m th\u1ea5p h\u01a1n Hyundai Custin\" src=\"https:\/\/img.tinxe.vn\/resize\/1000x-\/2023\/10\/12\/0MQViQLm\/toyota-innova-cross-2024-1-60d3.jpg\" alt=\"Toyota Innova Cross 2024 ch\u00ednh th\u1ee9c ra m\u1eaft Vi\u1ec7t Nam, gi\u00e1 kh\u1edfi \u0111i\u1ec3m th\u1ea5p h\u01a1n Hyundai Custin\" width=\"1200\" height=\"835\" data-height=\"835\" data-width=\"1200\" data-src=\"https:\/\/img.tinxe.vn\/resize\/1000x-\/2023\/10\/12\/0MQViQLm\/toyota-innova-cross-2024-1-60d3.jpg\" data-loaded=\"true\" \/><\/span><\/figure>\n<p class=\"dvg_photo_caption\">Toyota Innova Cross 2024 ch\u00ednh th\u1ee9c ra m\u1eaft Vi\u1ec7t Nam, gi\u00e1 kh\u1edfi \u0111i\u1ec3m th\u1ea5p h\u01a1n Hyundai Custin<\/p>\n<\/div>\n<p>\u1ede th\u1ebf h\u1ec7 m\u1edbi, m\u1eabu MPV n\u00e0y c\u00f3 2 phi\u00ean b\u1ea3n, bao g\u1ed3m m\u00e1y x\u0103ng v\u00e0 hybrid. Gi\u00e1 xe Toyota Innova Cross 2024 \u1edf 2 phi\u00ean b\u1ea3n n\u00e0y l\u1ea7n l\u01b0\u1ee3t l\u00e0 810 tri\u1ec7u v\u00e0 990 tri\u1ec7u \u0111\u1ed3ng. Nh\u01b0 v\u1eady, t\u00e2n binh nh\u00e0 Toyota c\u00f3 gi\u00e1 th\u1ea5p h\u01a1n \u0111\u1ed1i th\u1ee7 tr\u1ef1c ti\u1ebfp l\u00e0\u00a0Hyundai Custin\u00a0(850 &#8211; 999 tri\u1ec7u \u0111\u1ed3ng). Tuy nhi\u00ean, so v\u1edbi th\u1ebf h\u1ec7 c\u0169 c\u00f3 gi\u00e1 t\u1eeb 755 &#8211; 995 tri\u1ec7u \u0111\u1ed3ng, gi\u00e1 kh\u1edfi \u0111i\u1ec3m c\u1ee7a\u00a0Toyota Innova Cross 2024 \u0111\u00e3 t\u0103ng \u0111\u00e1ng k\u1ec3.<\/p>\n<div class=\"divresponsive\">\n<table border=\"1\" cellspacing=\"1\" cellpadding=\"1\" align=\"center\">\n<tbody>\n<tr>\n<td><strong>Phi\u00ean b\u1ea3n<\/strong><\/td>\n<td><strong>S\u1ed1 ch\u1ed7 ng\u1ed3i<\/strong><\/td>\n<td><strong>Gi\u00e1 b\u00e1n<\/strong><\/td>\n<\/tr>\n<tr>\n<td><strong>Toyota Innova Cross m\u00e1y x\u0103ng<\/strong><\/td>\n<td>8<\/td>\n<td>810.000.000<\/td>\n<\/tr>\n<tr>\n<td><strong>Toyota Innova Cross Hybrid<\/strong><\/td>\n<td>7<\/td>\n<td>990.000.000<\/td>\n<\/tr>\n<\/tbody>\n<\/table>\n<\/div>\n<p><em>B\u1ea3ng gi\u00e1 xe\u00a0Toyota Innova Cross 2024 t\u1ea1i Vi\u1ec7t Nam (\u0111\u01a1n v\u1ecb: \u0111\u1ed3ng)<\/em><\/p>\n<p>Kh\u00e1c v\u1edbi th\u1ebf h\u1ec7 c\u0169, Toyota Innova Cross 2024 \u0111\u01b0\u1ee3c ph\u00e1t tri\u1ec3n d\u1ef1a tr\u00ean n\u1ec1n t\u1ea3ng thi\u1ebft k\u1ebf to\u00e0n c\u1ea7u TNGA thay v\u00ec khung g\u1ea7m h\u00ecnh thang. \u0110\u1ed3ng th\u1eddi, k\u00edch th\u01b0\u1edbc c\u1ee7a xe c\u0169ng t\u0103ng l\u00ean v\u1edbi chi\u1ec1u d\u00e0i 4.760 mm, chi\u1ec1u r\u1ed9ng 1.850 mm, chi\u1ec1u cao 1.795 mm v\u00e0 chi\u1ec1u d\u00e0i c\u01a1 s\u1edf 2.850 mm.<\/p>\n<div class=\"width-100 inline\">\n<div id=\"ads-detail-below-320x250\" class=\"box-ads-anymind\"><\/div>\n<\/div>\n<div class=\"dvg_photo_box\">\n<figure><span id=\"imageGalleryId-1\" class=\"lozadload-content imageGalleryId\" data-src=\"https:\/\/img.tinxe.vn\/2023\/10\/12\/0MQViQLm\/toyota-innova-cross-2024-12-d14d.jpg\" data-desc=\"Toyota Innova Cross 2024 d\u00f9ng khung g\u1ea7m xe con\"><img loading=\"lazy\" decoding=\"async\" class=\"lozad\" title=\"Toyota Innova Cross 2024 d\u00f9ng khung g\u1ea7m xe con\" src=\"https:\/\/img.tinxe.vn\/resize\/1000x-\/2023\/10\/12\/0MQViQLm\/toyota-innova-cross-2024-12-d14d.jpg\" alt=\"Toyota Innova Cross 2024 d\u00f9ng khung g\u1ea7m xe con\" width=\"1000\" height=\"733\" data-height=\"733\" data-width=\"1000\" data-src=\"https:\/\/img.tinxe.vn\/resize\/1000x-\/2023\/10\/12\/0MQViQLm\/toyota-innova-cross-2024-12-d14d.jpg\" data-loaded=\"true\" \/><\/span><\/figure>\n<p class=\"dvg_photo_caption\">Toyota Innova Cross 2024 d\u00f9ng khung g\u1ea7m xe con<\/p>\n<\/div>\n<p>Kh\u00f4ng ch\u1ec9 k\u00edch th\u01b0\u1edbc m\u00e0 ngay c\u1ea3 thi\u1ebft k\u1ebf c\u1ee7a m\u1eabu MPV n\u00e0y c\u0169ng \u0111\u01b0\u1ee3c l\u1ed9t x\u00e1c, theo phong c\u00e1ch gi\u1ed1ng SUV h\u01a1n. \u1ede \u0111\u1ea7u xe, Toyota Innova Cross 2024 \u0111\u01b0\u1ee3c trang b\u1ecb c\u1ee5m l\u01b0\u1edbi t\u1ea3n nhi\u1ec7t h\u00ecnh l\u1ee5c gi\u00e1c, n\u1ed1i li\u1ec1n v\u1edbi h\u1ec7 th\u1ed1ng \u0111\u00e8n pha LED to\u00e0n ph\u1ea7n. Trong khi \u0111\u00f3, d\u1ea3i \u0111\u00e8n LED \u0111\u1ecbnh v\u1ecb ban ng\u00e0y ki\u00eam \u0111\u00e8n b\u00e1o r\u1ebd \u0111\u01b0\u1ee3c \u0111\u1eb7t b\u00ean d\u01b0\u1edbi, b\u00ean tr\u00ean khe gi\u00f3 gi\u1ea3.<\/p>\n<div class=\"dvg_photo_box\">\n<figure><span id=\"imageGalleryId-2\" class=\"lozadload-content imageGalleryId\" data-src=\"https:\/\/img.tinxe.vn\/2023\/10\/12\/0MQViQLm\/toyota-innova-cross-2024-4-1838.jpg\" data-desc=\"C\u1eadn c\u1ea3nh \u0111\u1ea7u xe c\u1ee7a Toyota Innova Cross 2024\"><img loading=\"lazy\" decoding=\"async\" class=\"lozad\" title=\"C\u1eadn c\u1ea3nh \u0111\u1ea7u xe c\u1ee7a Toyota Innova Cross 2024\" src=\"https:\/\/img.tinxe.vn\/resize\/1000x-\/2023\/10\/12\/0MQViQLm\/toyota-innova-cross-2024-4-1838.jpg\" alt=\"C\u1eadn c\u1ea3nh \u0111\u1ea7u xe c\u1ee7a Toyota Innova Cross 2024\" width=\"1000\" height=\"750\" data-height=\"750\" data-width=\"1000\" data-src=\"https:\/\/img.tinxe.vn\/resize\/1000x-\/2023\/10\/12\/0MQViQLm\/toyota-innova-cross-2024-4-1838.jpg\" data-loaded=\"true\" \/><\/span><\/figure>\n<p class=\"dvg_photo_caption\">C\u1eadn c\u1ea3nh \u0111\u1ea7u xe c\u1ee7a Toyota Innova Cross 2024<\/p>\n<\/div>\n<p>Ph\u1ea7n th\u00e2n xe c\u00f3 nh\u1eefng \u0111\u01b0\u1eddng g\u00e2n d\u1eadp n\u1ed5i, k\u1ebft h\u1ee3p m\u00e2m xe h\u1ee3p kim m\u1ea1 b\u1ea1c 5 ch\u1ea5u v\u1edbi k\u00edch th\u01b0\u1edbc 18 inch \u1edf b\u1ea3n cao c\u1ea5p. Trong khi \u0111\u00f3, c\u1ea3n sau v\u00e0 c\u1eeda c\u1ed1p h\u00ecnh thang t\u1ea1o c\u1ea3m gi\u00e1c kh\u1ecfe kho\u1eafn nh\u01b0 xe SUV, c\u1ed9ng v\u1edbi c\u1ee5m \u0111\u00e8n h\u1eadu v\u1edbi d\u1ea3i LED m\u1ecfng k\u00e9o d\u00e0i theo chi\u1ec1u ngang.<\/p>\n<div class=\"dvg_photo_box\">\n<figure><span id=\"imageGalleryId-3\" class=\"lozadload-content imageGalleryId\" data-src=\"https:\/\/img.tinxe.vn\/2023\/10\/12\/0MQViQLm\/toyota-innova-cross-2024-11-48a4.jpg\" data-desc=\"Toyota Innova Cross 2024 phi\u00ean b\u1ea3n hybrid v\u1edbi v\u00e0nh 18 inch\"><img loading=\"lazy\" decoding=\"async\" class=\"lozad\" title=\"Toyota Innova Cross 2024 phi\u00ean b\u1ea3n hybrid v\u1edbi v\u00e0nh 18 inch\" src=\"https:\/\/img.tinxe.vn\/resize\/1000x-\/2023\/10\/12\/0MQViQLm\/toyota-innova-cross-2024-11-48a4.jpg\" alt=\"Toyota Innova Cross 2024 phi\u00ean b\u1ea3n hybrid v\u1edbi v\u00e0nh 18 inch\" width=\"1000\" height=\"664\" data-height=\"664\" data-width=\"1000\" data-src=\"https:\/\/img.tinxe.vn\/resize\/1000x-\/2023\/10\/12\/0MQViQLm\/toyota-innova-cross-2024-11-48a4.jpg\" data-loaded=\"true\" \/><\/span><\/figure>\n<p class=\"dvg_photo_caption\">Toyota Innova Cross 2024 phi\u00ean b\u1ea3n hybrid v\u1edbi v\u00e0nh 18 inch<\/p>\n<div class=\"dvg_photo_box\">\n<figure><span id=\"imageGalleryId-4\" class=\"lozadload-content imageGalleryId\" data-src=\"https:\/\/img.tinxe.vn\/2023\/10\/12\/0MQViQLm\/toyota-innova-cross-2024-3-27d5.jpg\" data-desc=\"V\u00e0nh la-z\u0103ng c\u1ee7a Toyota Innova Cross 2024 phi\u00ean b\u1ea3n m\u00e1y x\u0103ng k\u00e9m n\u1ed5i b\u1eadt h\u01a1n\"><img loading=\"lazy\" decoding=\"async\" class=\"lozad\" title=\"V\u00e0nh la-z\u0103ng c\u1ee7a Toyota Innova Cross 2024 phi\u00ean b\u1ea3n m\u00e1y x\u0103ng k\u00e9m n\u1ed5i b\u1eadt h\u01a1n\" src=\"https:\/\/img.tinxe.vn\/resize\/1000x-\/2023\/10\/12\/0MQViQLm\/toyota-innova-cross-2024-3-27d5.jpg\" alt=\"V\u00e0nh la-z\u0103ng c\u1ee7a Toyota Innova Cross 2024 phi\u00ean b\u1ea3n m\u00e1y x\u0103ng k\u00e9m n\u1ed5i b\u1eadt h\u01a1n\" width=\"1000\" height=\"692\" data-height=\"692\" data-width=\"1000\" data-src=\"https:\/\/img.tinxe.vn\/resize\/1000x-\/2023\/10\/12\/0MQViQLm\/toyota-innova-cross-2024-3-27d5.jpg\" data-loaded=\"true\" \/><\/span><\/figure>\n<p class=\"dvg_photo_caption\">V\u00e0nh la-z\u0103ng c\u1ee7a phi\u00ean b\u1ea3n m\u00e1y x\u0103ng k\u00e9m n\u1ed5i b\u1eadt h\u01a1n<\/p>\n<div class=\"dvg_photo_box\">\n<figure><span id=\"imageGalleryId-5\" class=\"lozadload-content imageGalleryId\" data-src=\"https:\/\/img.tinxe.vn\/2023\/10\/12\/0MQViQLm\/toyota-innova-cross-2024-5-e921.jpg\" data-desc=\"Thi\u1ebft k\u1ebf ph\u00eda sau c\u1ee7a Toyota Innova Cross 2024\"><img loading=\"lazy\" decoding=\"async\" class=\"lozad\" title=\"Thi\u1ebft k\u1ebf ph\u00eda sau c\u1ee7a Toyota Innova Cross 2024\" src=\"https:\/\/img.tinxe.vn\/resize\/1000x-\/2023\/10\/12\/0MQViQLm\/toyota-innova-cross-2024-5-e921.jpg\" alt=\"Thi\u1ebft k\u1ebf ph\u00eda sau c\u1ee7a Toyota Innova Cross 2024\" width=\"1000\" height=\"665\" data-height=\"665\" data-width=\"1000\" data-src=\"https:\/\/img.tinxe.vn\/resize\/1000x-\/2023\/10\/12\/0MQViQLm\/toyota-innova-cross-2024-5-e921.jpg\" data-loaded=\"true\" \/><\/span><\/figure>\n<p class=\"dvg_photo_caption\">Thi\u1ebft k\u1ebf ph\u00eda sau c\u1ee7a Toyota Innova Cross 2024<\/p>\n<\/div>\n<\/div>\n<\/div>\n<p>B\u00ean trong Toyota Innova Cross 2024 l\u00e0 kh\u00f4ng gian n\u1ed9i th\u1ea5t 3 h\u00e0ng gh\u1ebf v\u1edbi 2 c\u1ea5u h\u00ecnh 8 ch\u1ed7 (phi\u00ean b\u1ea3n m\u00e1y x\u0103ng) v\u00e0 7 ch\u1ed7 (phi\u00ean b\u1ea3n hybrid). Theo h\u00e3ng Toyota, n\u1ed9i th\u1ea5t c\u1ee7a m\u1eabu xe n\u00e0y \u0111\u01b0\u1ee3c thi\u1ebft k\u1ebf nh\u01b0 kh\u00f4ng gian m\u1edf, t\u1ea1o c\u1ea3m gi\u00e1c r\u1ed9ng r\u00e3i v\u00e0 tho\u1ea3i m\u00e1i cho m\u1ecdi v\u1ecb tr\u00ed ng\u1ed3i.<\/p>\n<div class=\"dvg_photo_box\">\n<figure><span id=\"imageGalleryId-6\" class=\"lozadload-content imageGalleryId\" data-src=\"https:\/\/img.tinxe.vn\/2023\/10\/12\/0MQViQLm\/toyota-innova-cross-2024-9-54d2.jpg\" data-desc=\"N\u1ed9i th\u1ea5t c\u1ee7a Toyota Innova Cross 2024 phi\u00ean b\u1ea3n hybrid v\u1edbi 7 ch\u1ed7 ng\u1ed3i\"><img loading=\"lazy\" decoding=\"async\" class=\"lozad\" title=\"N\u1ed9i th\u1ea5t c\u1ee7a Toyota Innova Cross 2024 phi\u00ean b\u1ea3n hybrid v\u1edbi 7 ch\u1ed7 ng\u1ed3i\" src=\"https:\/\/img.tinxe.vn\/resize\/1000x-\/2023\/10\/12\/0MQViQLm\/toyota-innova-cross-2024-9-54d2.jpg\" alt=\"N\u1ed9i th\u1ea5t c\u1ee7a Toyota Innova Cross 2024 phi\u00ean b\u1ea3n hybrid v\u1edbi 7 ch\u1ed7 ng\u1ed3i\" width=\"1000\" height=\"666\" data-height=\"666\" data-width=\"1000\" data-src=\"https:\/\/img.tinxe.vn\/resize\/1000x-\/2023\/10\/12\/0MQViQLm\/toyota-innova-cross-2024-9-54d2.jpg\" data-loaded=\"true\" \/><\/span><\/figure>\n<p class=\"dvg_photo_caption\">N\u1ed9i th\u1ea5t c\u1ee7a Toyota Innova Cross 2024 phi\u00ean b\u1ea3n hybrid v\u1edbi 7 ch\u1ed7 ng\u1ed3i<\/p>\n<\/div>\n<p>Ch\u01b0a d\u1eebng \u1edf \u0111\u00f3, xe c\u00f2n c\u00f3 nh\u1eefng trang b\u1ecb ti\u1ec7n nghi m\u1edbi nh\u01b0 m\u00e0n h\u00ecnh hi\u1ec3n th\u1ecb \u0111a th\u00f4ng tin 7 inch trong b\u1ea3ng \u0111\u1ed3ng h\u1ed3, m\u00e0n h\u00ecnh c\u1ea3m \u1ee9ng trung t\u00e2m 10,1 inch, k\u1ebft n\u1ed1i \u0111i\u1ec7n tho\u1ea1i th\u00f4ng minh kh\u00f4ng d\u00e2y, h\u1ec7 th\u1ed1ng \u0111i\u1ec1u h\u00f2a t\u1ef1 \u0111\u1ed9ng, phanh \u0111\u1ed7 \u0111i\u1ec7n t\u1eed, gi\u1eef phanh t\u1ef1 \u0111\u1ed9ng v\u00e0 c\u1ed1p \u0111i\u1ec7n.<\/p>\n<div class=\"dvg_photo_box\">\n<figure><span id=\"imageGalleryId-7\" class=\"lozadload-content imageGalleryId\" data-src=\"https:\/\/img.tinxe.vn\/2023\/10\/12\/0MQViQLm\/toyota-innova-cross-2024-7-d2f7.jpg\" data-desc=\"N\u1ed9i th\u1ea5t c\u1ee7a Toyota Innova Cross 2024\"><img loading=\"lazy\" decoding=\"async\" class=\"lozad\" title=\"N\u1ed9i th\u1ea5t c\u1ee7a Toyota Innova Cross 2024\" src=\"https:\/\/img.tinxe.vn\/resize\/1000x-\/2023\/10\/12\/0MQViQLm\/toyota-innova-cross-2024-7-d2f7.jpg\" alt=\"N\u1ed9i th\u1ea5t c\u1ee7a Toyota Innova Cross 2024\" width=\"1000\" height=\"666\" data-height=\"666\" data-width=\"1000\" data-src=\"https:\/\/img.tinxe.vn\/resize\/1000x-\/2023\/10\/12\/0MQViQLm\/toyota-innova-cross-2024-7-d2f7.jpg\" data-loaded=\"true\" \/><\/span><\/figure>\n<p class=\"dvg_photo_caption\">N\u1ed9i th\u1ea5t c\u1ee7a Toyota Innova Cross 2024<\/p>\n<div class=\"dvg_photo_box\">\n<figure><span id=\"imageGalleryId-8\" class=\"lozadload-content imageGalleryId\" data-src=\"https:\/\/img.tinxe.vn\/2023\/10\/12\/0MQViQLm\/toyota-innova-cross-2024-6-4716.jpg\" data-desc=\"V\u00f4 l\u0103ng v\u00e0 b\u1ea3ng \u0111\u1ed3ng h\u1ed3 v\u1edbi m\u00e0n h\u00ecnh MID 7 inch c\u1ee7a Toyota Innova Cross 2024\"><img loading=\"lazy\" decoding=\"async\" class=\"lozad\" title=\"V\u00f4 l\u0103ng v\u00e0 b\u1ea3ng \u0111\u1ed3ng h\u1ed3 v\u1edbi m\u00e0n h\u00ecnh MID 7 inch c\u1ee7a Toyota Innova Cross 2024\" src=\"https:\/\/img.tinxe.vn\/resize\/1000x-\/2023\/10\/12\/0MQViQLm\/toyota-innova-cross-2024-6-4716.jpg\" alt=\"V\u00f4 l\u0103ng v\u00e0 b\u1ea3ng \u0111\u1ed3ng h\u1ed3 v\u1edbi m\u00e0n h\u00ecnh MID 7 inch c\u1ee7a Toyota Innova Cross 2024\" width=\"1000\" height=\"666\" data-height=\"666\" data-width=\"1000\" data-src=\"https:\/\/img.tinxe.vn\/resize\/1000x-\/2023\/10\/12\/0MQViQLm\/toyota-innova-cross-2024-6-4716.jpg\" data-loaded=\"true\" \/><\/span><\/figure>\n<p class=\"dvg_photo_caption\">V\u00f4 l\u0103ng v\u00e0 b\u1ea3ng \u0111\u1ed3ng h\u1ed3 v\u1edbi m\u00e0n h\u00ecnh MID 7 inch c\u1ee7a xe<\/p>\n<\/div>\n<\/div>\n<p>Ri\u00eang phi\u00ean b\u1ea3n hybrid c\u00f2n c\u00f3 th\u00eam c\u1eeda s\u1ed5 tr\u1eddi to\u00e0n c\u1ea3nh v\u00e0 2 gh\u1ebf th\u01b0\u01a1ng gia \u1edf gi\u1eefa. 2 gh\u1ebf n\u00e0y c\u00f3 \u0111\u1ed9 ng\u1ea3 v\u00e0 \u0111\u1ec7m ch\u00e2n ch\u1ec9nh \u0111i\u1ec7n, mang l\u1ea1i c\u1ea3m gi\u00e1c th\u01b0 gi\u00e3n cho h\u00e0nh kh\u00e1ch. Ph\u00eda sau h\u00e0ng gh\u1ebf cu\u1ed1i l\u00e0 khoang h\u00e0nh l\u00fd c\u00f3 th\u1ec3 t\u00edch 991 l\u00edt.<\/p>\n<div class=\"dvg_photo_box\">\n<figure><span id=\"imageGalleryId-9\" class=\"lozadload-content imageGalleryId\" data-src=\"https:\/\/img.tinxe.vn\/2023\/10\/12\/0MQViQLm\/toyota-innova-cross-2024-8-5b2e.jpg\" data-desc=\"Gh\u1ebf sau c\u1ee7a Toyota Innova Cross 2024 c\u00f3 th\u1ec3 g\u1eadp ph\u1eb3ng xu\u1ed1ng s\u00e0n, t\u0103ng th\u1ec3 t\u00edch khoang h\u00e0nh l\u00fd\"><img loading=\"lazy\" decoding=\"async\" class=\"lozad\" title=\"Gh\u1ebf sau c\u1ee7a Toyota Innova Cross 2024 c\u00f3 th\u1ec3 g\u1eadp ph\u1eb3ng xu\u1ed1ng s\u00e0n, t\u0103ng th\u1ec3 t\u00edch khoang h\u00e0nh l\u00fd\" src=\"https:\/\/img.tinxe.vn\/resize\/1000x-\/2023\/10\/12\/0MQViQLm\/toyota-innova-cross-2024-8-5b2e.jpg\" alt=\"Gh\u1ebf sau c\u1ee7a Toyota Innova Cross 2024 c\u00f3 th\u1ec3 g\u1eadp ph\u1eb3ng xu\u1ed1ng s\u00e0n, t\u0103ng th\u1ec3 t\u00edch khoang h\u00e0nh l\u00fd\" width=\"1000\" height=\"666\" data-height=\"666\" data-width=\"1000\" data-src=\"https:\/\/img.tinxe.vn\/resize\/1000x-\/2023\/10\/12\/0MQViQLm\/toyota-innova-cross-2024-8-5b2e.jpg\" data-loaded=\"true\" \/><\/span><\/figure>\n<p class=\"dvg_photo_caption\">Gh\u1ebf sau c\u1ee7a Toyota Innova Cross 2024 c\u00f3 th\u1ec3 g\u1eadp ph\u1eb3ng xu\u1ed1ng s\u00e0n, t\u0103ng th\u1ec3 t\u00edch khoang h\u00e0nh l\u00fd<\/p>\n<\/div>\n<p>Trang b\u1ecb an to\u00e0n c\u0169ng l\u00e0 \u0111i\u1ec3m nh\u1ea5n c\u1ee7a m\u1eabu MPV n\u00e0y v\u1edbi g\u00f3i t\u00ednh n\u0103ng tr\u1ee3 l\u00e1i n\u00e2ng cao Toyota Safety Sense \u1edf phi\u00ean b\u1ea3n hybrid, bao g\u1ed3m h\u1ec7 th\u1ed1ng c\u1ea3nh b\u00e1o ti\u1ec1n va ch\u1ea1m, c\u1ea3nh b\u00e1o l\u1ec7ch l\u00e0n v\u00e0 h\u1ed7 tr\u1ee3 gi\u1eef l\u00e0n \u0111\u01b0\u1eddng, \u0111\u00e8n chi\u1ebfu xa t\u1ef1 \u0111\u1ed9ng, \u0111i\u1ec1u khi\u1ec3n h\u00e0nh tr\u00ecnh ch\u1ee7 \u0111\u1ed9ng. H\u1ec7 th\u1ed1ng c\u1ea3nh b\u00e1o \u0111i\u1ec3m m\u00f9, h\u1ec7 th\u1ed1ng c\u1ea3nh b\u00e1o ph\u01b0\u01a1ng ti\u1ec7n c\u1eaft ngang ph\u00eda sau, c\u00e2n b\u1eb1ng \u0111i\u1ec7n t\u1eed, h\u1ed7 tr\u1ee3 kh\u1edfi h\u00e0nh ngang d\u1ed1c, c\u1ea3nh b\u00e1o \u00e1p su\u1ea5t l\u1ed1p, camera 360 \u0111\u1ed9, 8 c\u1ea3m bi\u1ebfn h\u1ed7 tr\u1ee3 \u0111\u1ed7 xe v\u00e0 6 t\u00fai kh\u00ed c\u0169ng \u0111\u01b0\u1ee3c trang b\u1ecb cho xe.<\/p>\n<div class=\"dvg_photo_box\">\n<figure><span id=\"imageGalleryId-10\" class=\"lozadload-content imageGalleryId\" data-src=\"https:\/\/img.tinxe.vn\/2023\/10\/12\/0MQViQLm\/toyota-innova-cross-2024-10-d052.jpg\" data-desc=\"Toyota Innova Cross 2024 c\u00f3 nh\u1eefng t\u00ednh n\u0103ng tr\u1ee3 l\u00e1i n\u00e2ng cao ADAS\"><img loading=\"lazy\" decoding=\"async\" class=\"lozad\" title=\"Toyota Innova Cross 2024 c\u00f3 nh\u1eefng t\u00ednh n\u0103ng tr\u1ee3 l\u00e1i n\u00e2ng cao ADAS\" src=\"https:\/\/img.tinxe.vn\/resize\/1000x-\/2023\/10\/12\/0MQViQLm\/toyota-innova-cross-2024-10-d052.jpg\" alt=\"Toyota Innova Cross 2024 c\u00f3 nh\u1eefng t\u00ednh n\u0103ng tr\u1ee3 l\u00e1i n\u00e2ng cao ADAS\" width=\"1000\" height=\"666\" data-height=\"666\" data-width=\"1000\" data-src=\"https:\/\/img.tinxe.vn\/resize\/1000x-\/2023\/10\/12\/0MQViQLm\/toyota-innova-cross-2024-10-d052.jpg\" data-loaded=\"true\" \/><\/span><\/figure>\n<p class=\"dvg_photo_caption\">Toyota Innova Cross 2024 c\u00f3 nh\u1eefng t\u00ednh n\u0103ng tr\u1ee3 l\u00e1i n\u00e2ng cao ADAS<\/p>\n<\/div>\n<p>N\u1eb1m b\u00ean d\u01b0\u1edbi n\u1eafp ca-p\u00f4 c\u1ee7a Toyota Innova Cross 2024 t\u1ea1i Vi\u1ec7t Nam l\u00e0 2 t\u00f9y ch\u1ecdn \u0111\u1ed9ng c\u01a1. Phi\u00ean b\u1ea3n m\u00e1y x\u0103ng d\u00f9ng \u0111\u1ed9ng c\u01a1 4 xi-lanh, dung t\u00edch 2.0L v\u1edbi c\u00f4ng su\u1ea5t t\u1ed1i \u0111a 172 m\u00e3 l\u1ef1c v\u00e0 m\u00f4-men xo\u1eafn c\u1ef1c \u0111\u1ea1i 205 Nm. \u0110\u1ed9ng c\u01a1 \u0111i v\u1edbi h\u1ed9p s\u1ed1 t\u1ef1 \u0111\u1ed9ng v\u00f4 c\u1ea5p Direct shift CVT. Trong khi \u0111\u00f3, phi\u00ean b\u1ea3n hybrid d\u00f9ng \u0111\u1ed9ng c\u01a1 x\u0103ng c\u00f3 c\u00f4ng su\u1ea5t t\u1ed1i \u0111a 150 m\u00e3 l\u1ef1c, k\u1ebft h\u1ee3p c\u00f9ng m\u00f4-t\u01a1 \u0111i\u1ec7n m\u1ea1nh 111 m\u00e3 l\u1ef1c v\u00e0 h\u1ed9p s\u1ed1 t\u1ef1 \u0111\u1ed9ng v\u00f4 c\u1ea5p CVT.<\/p>\n<p>Toyota Innova Cross 2024 \u0111\u01b0\u1ee3c nh\u1eadp kh\u1ea9u nguy\u00ean chi\u1ebfc t\u1eeb Indonesia v\u00e0 ph\u00e2n ph\u1ed1i v\u1edbi 5 m\u00e0u s\u1eafc. Kh\u00e1ch h\u00e0ng mua xe s\u1ebd \u0111\u01b0\u1ee3c h\u01b0\u1edfng c\u00e1c \u01b0u \u0111\u00e3i ch\u00ednh h\u00e3ng nh\u01b0 sau:<\/p>\n<ul>\n<li><strong>G\u00f3i gia h\u1ea1n b\u1ea3o h\u00e0nh 2 n\u0103m ho\u1eb7c 50.000 km<\/strong>\u00a0(t\u00f9y \u0111i\u1ec1u ki\u1ec7n n\u00e0o \u0111\u1ebfn tr\u01b0\u1edbc):\u00a0\u0110\u1ed1i v\u1edbi phi\u00ean b\u1ea3n Hybrid, xe c\u00f3 th\u00eam g\u00f3i gia h\u1ea1n b\u1ea3o h\u00e0nh cho \u1eafc-quy \u0111i\u1ec7n l\u00e0 4 n\u0103m ho\u1eb7c 50.000 km (t\u00f9y \u0111i\u1ec1u ki\u1ec7n n\u00e0o \u0111\u1ebfn tr\u01b0\u1edbc). Theo \u0111\u00f3, t\u1ed5ng th\u1eddi gian b\u1ea3o h\u00e0nh c\u1ee7a xe Innova Cross l\u00ean t\u1edbi 5 n\u0103m ho\u1eb7c 150.000 km (t\u00f9y \u0111i\u1ec1u ki\u1ec7n n\u00e0o \u0111\u1ebfn tr\u01b0\u1edbc). Th\u1eddi gian b\u1ea3o h\u00e0nh cho \u1eafc-quy \u0111i\u1ec7n tr\u00ean phi\u00ean b\u1ea3n Hybrid s\u1ebd l\u00e0 7 n\u0103m ho\u1eb7c 150.000 km (t\u00f9y \u0111i\u1ec1u ki\u1ec7n n\u00e0o \u0111\u1ebfn tr\u01b0\u1edbc), \u00e1p d\u1ee5ng \u0111\u1ebfn h\u1ebft ng\u00e0y 31\/12\/2024.<\/li>\n<li><strong>Gi\u1ea3m 10%<\/strong>\u00a0cho kh\u00e1ch h\u00e0ng mua c\u00e1c g\u00f3i s\u1ea3n ph\u1ea9m b\u1ea3o hi\u1ec3m Toyota \u0111\u1ebfn h\u1ebft ng\u00e0y 31\/12\/2023.<\/li>\n<\/ul>\n<\/div>\n","protected":false},"excerpt":{"rendered":"<p><strong>Innova Cross 2.0 HEV<\/strong><br \/>\n<span style=\"color: #ed1c24;\"><strong>990,000,000 VN\u0110<\/strong><\/span><\/p>\n<p><strong>Innova Cross 2.0 V<\/strong><br \/>\n<span style=\"color: #ed1c24;\"><strong>810,000,000 VN\u0110<\/strong><\/span><\/p>\n<p><strong>Innova 2.0 G MT ( S\u1ed1 s\u00e0n)<\/strong><br \/>\n<span style=\"color: #ed1c24;\"><strong>755,000,000 VN\u0110<\/strong><\/span><\/p>\n<p>&nbsp;<\/p>\n","protected":false},"featured_media":1544,"comment_status":"closed","ping_status":"closed","template":"","meta":[],"product_brand":[],"product_cat":[159],"product_tag":[162],"class_list":{"0":"post-1543","1":"product","2":"type-product","3":"status-publish","4":"has-post-thumbnail","6":"product_cat-xe-trong-nuoc","7":"product_tag-innova","9":"first","10":"instock","11":"shipping-taxable","12":"product-type-simple"},"_links":{"self":[{"href":"https:\/\/toyotahtpthaibinh.com\/index.php?rest_route=\/wp\/v2\/product\/1543","targetHints":{"allow":["GET"]}}],"collection":[{"href":"https:\/\/toyotahtpthaibinh.com\/index.php?rest_route=\/wp\/v2\/product"}],"about":[{"href":"https:\/\/toyotahtpthaibinh.com\/index.php?rest_route=\/wp\/v2\/types\/product"}],"replies":[{"embeddable":true,"href":"https:\/\/toyotahtpthaibinh.com\/index.php?rest_route=%2Fwp%2Fv2%2Fcomments&post=1543"}],"wp:featuredmedia":[{"embeddable":true,"href":"https:\/\/toyotahtpthaibinh.com\/index.php?rest_route=\/wp\/v2\/media\/1544"}],"wp:attachment":[{"href":"https:\/\/toyotahtpthaibinh.com\/index.php?rest_route=%2Fwp%2Fv2%2Fmedia&parent=1543"}],"wp:term":[{"taxonomy":"product_brand","embeddable":true,"href":"https:\/\/toyotahtpthaibinh.com\/index.php?rest_route=%2Fwp%2Fv2%2Fproduct_brand&post=1543"},{"taxonomy":"product_cat","embeddable":true,"href":"https:\/\/toyotahtpthaibinh.com\/index.php?rest_route=%2Fwp%2Fv2%2Fproduct_cat&post=1543"},{"taxonomy":"product_tag","embeddable":true,"href":"https:\/\/toyotahtpthaibinh.com\/index.php?rest_route=%2Fwp%2Fv2%2Fproduct_tag&post=1543"}],"curies":[{"name":"wp","href":"https:\/\/api.w.org\/{rel}","templated":true}]}}